{"id":3183,"date":"2025-05-29T16:07:40","date_gmt":"2025-05-29T14:07:40","guid":{"rendered":"https:\/\/corvey.de\/?page_id=3183"},"modified":"2025-05-30T11:08:00","modified_gmt":"2025-05-30T09:08:00","slug":"via-nova-lesung-nina-hoss-konzert","status":"publish","type":"page","link":"https:\/\/corvey.de\/en\/via-nova-lesung-nina-hoss-konzert\/","title":{"rendered":"VIA NOVA Lesung Nina Hoss &#038; Konzert"},"content":{"rendered":"<p><strong><span class=\"format rot\">Samstag, 6, September 2025, 19.30 Uhr,\u2002Schlo\u00df Corvey, Kaisersaal<\/span><\/strong><\/p>\n<p><span class=\"format rot\"><strong>Lesung und Konzert<\/strong><\/span><\/p>\n<p><strong>Nina Hoss<\/strong><br \/>\nVladimir Nabokov Die Gabe<\/p>\n<p><strong>Anja Lechner, Cello<\/strong><br \/>\nBach, Hume, Abel<\/p>\n<p>Johann Sebastian Bach (1685 \u2013 1750)<br \/>\nSuite f\u00fcr Violoncello solo Nr. 2 in d-Moll, BWV 1008<br \/>\nPr\u00e9lude, Allemande, Courante, Sarabande, Menuet I\/II, Gigue<\/p>\n<p>Anja Lechner, Tanz in G<\/p>\n<p>Tobias Hume (c. 1579 \u2013 1645)<br \/>\nA Question, An Answer, A Pollish Ayre,<br \/>\nShe Loves It Well, Hit It In The Middle<\/p>\n<p>Carl Friedrich Abel (1723 \u2013 1750)<br \/>\nArpeggio in d-Moll<\/p>\n<p>Mit Pause<\/p>\n<p>\u2039Die Gabe\u203a erz\u00e4hlt die Geschichte des jungen Russen und Dichters Fjodor in Berlin zwischen 1925 und 1928. Wie der Autor selbst kommt er ins Exil, durch die Oktoberrevolution vertrieben und verarmt, als ein Kosmopolit. Jener \u2039Schauer der Dankbarkeit, wem immer sie geb\u00fchrt\u203a, den er als ekstatisches Gef\u00fchl bei der Schmetterlingsjagd beschrieben hat, durchzieht Nabokovs Werk, in dem das Gl\u00fcck der Kindheit, die Sehnsucht nach der verlorenen Heimat, die Figur des geliebten Vaters und das bew\u00e4ltigte Exil verzaubert aufgehoben sind. Die gro\u00dfartige, international gefeierte Schauspielerin Nina Hoss liest von dem Zauber, von dem \u2039unser Leben erf\u00fcllt war, der anderen Familien unbekannt war\u203a. Solch ein Zauber pr\u00e4gt auch den verschlungenen, mit vielen Hindernissen verbundenen Weg der Liebe zwischen Fjodor und Sina. W\u00e4hrend er am Brandenburger Tor auf sie wartet, bekennt er \u2039Da auf einmal wurde ich der Z\u00e4rtlichkeit der Welt gewahr, der tiefen G\u00fcte all dessen, was mich umgab, der wohltuenden Verbindung zwischen mir und allem Seienden [ \u2026 ]. Ich begriff, da\u00df die Welt durchaus kein Kampf ist, keine Abfolge blutr\u00fcnstiger Zuf\u00e4lle, sondern aufflackernde Freude, erregende Gnade, ein Geschenk, das wir nicht zu sch\u00e4tzen wissen.\u203a Die wunderbare Cellistin Anja Lechner erg\u00e4nzt die Lesung kongenial mit ihrem Konzert, da werden die Bilder des Textes zu kunstvollen Kl\u00e4ngen gestaltet.<\/p>\n<p><strong>Eintritt: 40 \/ 35 \/ 30 \u20ac, Tageskarte 75 \/ 70 \u20ac<\/strong><\/p>\n<p><span style=\"color: #0000ff;\"><strong><u><a style=\"color: #0000ff;\" href=\"https:\/\/docs.google.com\/forms\/d\/e\/1FAIpQLScANBAlkPcmYL8hsSsCDCTbwFh2_kOjm8_ljmWKYbeOR02f1g\/viewform\">[Kartenbestellungen online]<\/a><\/u><\/strong><\/span><\/p>\n<p><span style=\"color: #0000ff;\"><strong>Per E-Mail:<\/strong><strong> [<u><a style=\"color: #0000ff;\" href=\"mailto:vianova@corvey.de\">vianova@corvey.de]<\/a><\/u><\/strong><\/span><\/p>\n<p><span style=\"color: #0000ff;\"><strong><u><a style=\"color: #0000ff;\" href=\"tel:00495231570150\">Telefonservice: [05231 570150]<\/a><\/u><\/strong><\/span><\/p>\n<p>&nbsp;<\/p>\n","protected":false},"excerpt":{"rendered":"<p>Samstag, 6, September 2025, 19.30 Uhr,\u2002Schlo\u00df Corvey, Kaisersaal Lesung und Konzert Nina Hoss Vladimir Nabokov Die Gabe Anja Lechner, Cello Bach, Hume, Abel Johann Sebastian Bach (1685 \u2013 1750) Suite f\u00fcr Violoncello solo Nr. 2 in d-Moll, BWV 1008 Pr\u00e9lude, Allemande, Courante, Sarabande, Menuet I\/II, Gigue Anja Lechner, Tanz in G Tobias Hume (c. 1579 [&hellip;]<\/p>\n","protected":false},"author":3,"featured_media":3102,"parent":0,"menu_order":0,"comment_status":"closed","ping_status":"closed","template":"","meta":{"_acf_changed":false,"footnotes":""},"class_list":["post-3183","page","type-page","status-publish","has-post-thumbnail","hentry"],"acf":[],"yoast_head":"<!-- This site is optimized with the Yoast SEO plugin v24.0 - https:\/\/yoast.com\/wordpress\/plugins\/seo\/ -->\n<title>VIA NOVA Lesung Nina Hoss &amp; Konzert &#8226; Welterbe Corvey<\/title>\n<meta name=\"robots\" content=\"index, follow, max-snippet:-1, max-image-preview:large, max-video-preview:-1\" \/>\n<link rel=\"canonical\" href=\"https:\/\/corvey.de\/en\/via-nova-lesung-nina-hoss-konzert\/\" \/>\n<meta property=\"og:locale\" content=\"en_US\" \/>\n<meta property=\"og:locale:alternate\" content=\"de_DE\" \/>\n<meta property=\"og:type\" content=\"article\" \/>\n<meta property=\"og:title\" content=\"VIA NOVA Lesung Nina Hoss &amp; Konzert\" \/>\n<meta property=\"og:description\" content=\"Samstag, 6, September 2025, 19.30 Uhr,\u2002Schlo\u00df Corvey, Kaisersaal Lesung und Konzert Nina Hoss Vladimir Nabokov Die Gabe Anja Lechner, Cello Bach, Hume, Abel Johann Sebastian Bach (1685 \u2013 1750) Suite f\u00fcr Violoncello solo Nr. 2 in d-Moll, BWV 1008 Pr\u00e9lude, Allemande, Courante, Sarabande, Menuet I\/II, Gigue Anja Lechner, Tanz in G Tobias Hume (c. 1579 [&hellip;]\" \/>\n<meta property=\"og:url\" content=\"https:\/\/corvey.de\/en\/via-nova-lesung-nina-hoss-konzert\/\" \/>\n<meta property=\"og:site_name\" content=\"Welterbe Corvey\" \/>\n<meta property=\"article:modified_time\" content=\"2025-05-30T09:08:00+00:00\" \/>\n<meta property=\"og:image\" content=\"https:\/\/corvey.de\/wp-content\/uploads\/2025\/05\/1_Web-Titel-1024x724.png\" \/>\n\t<meta property=\"og:image:width\" content=\"1024\" \/>\n\t<meta property=\"og:image:height\" content=\"724\" \/>\n\t<meta property=\"og:image:type\" content=\"image\/png\" \/>\n<meta name=\"twitter:card\" content=\"summary_large_image\" \/>\n<meta name=\"twitter:label1\" content=\"Est. reading time\" \/>\n\t<meta name=\"twitter:data1\" content=\"2 minutes\" \/>\n<script type=\"application\/ld+json\" class=\"yoast-schema-graph\">{\"@context\":\"https:\/\/schema.org\",\"@graph\":[{\"@type\":\"WebPage\",\"@id\":\"https:\/\/corvey.de\/via-nova-lesung-nina-hoss-konzert\/\",\"url\":\"https:\/\/corvey.de\/via-nova-lesung-nina-hoss-konzert\/\",\"name\":\"VIA NOVA Lesung Nina Hoss & Konzert\",\"isPartOf\":{\"@id\":\"https:\/\/corvey.de\/#website\"},\"primaryImageOfPage\":{\"@id\":\"https:\/\/corvey.de\/via-nova-lesung-nina-hoss-konzert\/#primaryimage\"},\"image\":{\"@id\":\"https:\/\/corvey.de\/via-nova-lesung-nina-hoss-konzert\/#primaryimage\"},\"thumbnailUrl\":\"https:\/\/corvey.de\/wp-content\/uploads\/2025\/05\/1_Web-Titel.png\",\"datePublished\":\"2025-05-29T14:07:40+00:00\",\"dateModified\":\"2025-05-30T09:08:00+00:00\",\"breadcrumb\":{\"@id\":\"https:\/\/corvey.de\/via-nova-lesung-nina-hoss-konzert\/#breadcrumb\"},\"inLanguage\":\"en-US\",\"potentialAction\":[{\"@type\":\"ReadAction\",\"target\":[\"https:\/\/corvey.de\/via-nova-lesung-nina-hoss-konzert\/\"]}]},{\"@type\":\"ImageObject\",\"inLanguage\":\"en-US\",\"@id\":\"https:\/\/corvey.de\/via-nova-lesung-nina-hoss-konzert\/#primaryimage\",\"url\":\"https:\/\/corvey.de\/wp-content\/uploads\/2025\/05\/1_Web-Titel.png\",\"contentUrl\":\"https:\/\/corvey.de\/wp-content\/uploads\/2025\/05\/1_Web-Titel.png\",\"width\":3507,\"height\":2480},{\"@type\":\"BreadcrumbList\",\"@id\":\"https:\/\/corvey.de\/via-nova-lesung-nina-hoss-konzert\/#breadcrumb\",\"itemListElement\":[{\"@type\":\"ListItem\",\"position\":1,\"name\":\"Home\",\"item\":\"https:\/\/corvey.de\/\"},{\"@type\":\"ListItem\",\"position\":2,\"name\":\"VIA NOVA Lesung Nina Hoss &#038; Konzert\"}]},{\"@type\":\"WebSite\",\"@id\":\"https:\/\/corvey.de\/#website\",\"url\":\"https:\/\/corvey.de\/\",\"name\":\"Schloss Corvey\",\"description\":\"\",\"publisher\":{\"@id\":\"https:\/\/corvey.de\/#organization\"},\"potentialAction\":[{\"@type\":\"SearchAction\",\"target\":{\"@type\":\"EntryPoint\",\"urlTemplate\":\"https:\/\/corvey.de\/?s={search_term_string}\"},\"query-input\":{\"@type\":\"PropertyValueSpecification\",\"valueRequired\":true,\"valueName\":\"search_term_string\"}}],\"inLanguage\":\"en-US\"},{\"@type\":\"Organization\",\"@id\":\"https:\/\/corvey.de\/#organization\",\"name\":\"Schloss Corvey\",\"url\":\"https:\/\/corvey.de\/\",\"logo\":{\"@type\":\"ImageObject\",\"inLanguage\":\"en-US\",\"@id\":\"https:\/\/corvey.de\/#\/schema\/logo\/image\/\",\"url\":\"https:\/\/corvey.de\/wp-content\/uploads\/2020\/10\/logo-schloss-corvey.svg\",\"contentUrl\":\"https:\/\/corvey.de\/wp-content\/uploads\/2020\/10\/logo-schloss-corvey.svg\",\"width\":1,\"height\":1,\"caption\":\"Schloss Corvey\"},\"image\":{\"@id\":\"https:\/\/corvey.de\/#\/schema\/logo\/image\/\"}}]}<\/script>\n<!-- \/ Yoast SEO plugin. -->","yoast_head_json":{"title":"VIA NOVA Lesung Nina Hoss & Konzert &#8226; Welterbe Corvey","robots":{"index":"index","follow":"follow","max-snippet":"max-snippet:-1","max-image-preview":"max-image-preview:large","max-video-preview":"max-video-preview:-1"},"canonical":"https:\/\/corvey.de\/en\/via-nova-lesung-nina-hoss-konzert\/","og_locale":"en_US","og_type":"article","og_title":"[:de]VIA NOVA Lesung Nina Hoss & Konzert[:] &#8226; Welterbe Corvey","og_description":"Samstag, 6, September 2025, 19.30 Uhr,\u2002Schlo\u00df Corvey, Kaisersaal Lesung und Konzert Nina Hoss Vladimir Nabokov Die Gabe Anja Lechner, Cello Bach, Hume, Abel Johann Sebastian Bach (1685 \u2013 1750) Suite f\u00fcr Violoncello solo Nr. 2 in d-Moll, BWV 1008 Pr\u00e9lude, Allemande, Courante, Sarabande, Menuet I\/II, Gigue Anja Lechner, Tanz in G Tobias Hume (c. 1579 [&hellip;]","og_url":"https:\/\/corvey.de\/en\/via-nova-lesung-nina-hoss-konzert\/","og_site_name":"Welterbe Corvey","article_modified_time":"2025-05-30T09:08:00+00:00","og_image":[{"width":1024,"height":724,"url":"https:\/\/corvey.de\/wp-content\/uploads\/2025\/05\/1_Web-Titel-1024x724.png","type":"image\/png"}],"twitter_card":"summary_large_image","twitter_misc":{"Est. reading time":"2 minutes"},"schema":{"@context":"https:\/\/schema.org","@graph":[{"@type":"WebPage","@id":"https:\/\/corvey.de\/via-nova-lesung-nina-hoss-konzert\/","url":"https:\/\/corvey.de\/via-nova-lesung-nina-hoss-konzert\/","name":"VIA NOVA Lesung Nina Hoss & Konzert","isPartOf":{"@id":"https:\/\/corvey.de\/#website"},"primaryImageOfPage":{"@id":"https:\/\/corvey.de\/via-nova-lesung-nina-hoss-konzert\/#primaryimage"},"image":{"@id":"https:\/\/corvey.de\/via-nova-lesung-nina-hoss-konzert\/#primaryimage"},"thumbnailUrl":"https:\/\/corvey.de\/wp-content\/uploads\/2025\/05\/1_Web-Titel.png","datePublished":"2025-05-29T14:07:40+00:00","dateModified":"2025-05-30T09:08:00+00:00","breadcrumb":{"@id":"https:\/\/corvey.de\/via-nova-lesung-nina-hoss-konzert\/#breadcrumb"},"inLanguage":"en-US","potentialAction":[{"@type":"ReadAction","target":["https:\/\/corvey.de\/via-nova-lesung-nina-hoss-konzert\/"]}]},{"@type":"ImageObject","inLanguage":"en-US","@id":"https:\/\/corvey.de\/via-nova-lesung-nina-hoss-konzert\/#primaryimage","url":"https:\/\/corvey.de\/wp-content\/uploads\/2025\/05\/1_Web-Titel.png","contentUrl":"https:\/\/corvey.de\/wp-content\/uploads\/2025\/05\/1_Web-Titel.png","width":3507,"height":2480},{"@type":"BreadcrumbList","@id":"https:\/\/corvey.de\/via-nova-lesung-nina-hoss-konzert\/#breadcrumb","itemListElement":[{"@type":"ListItem","position":1,"name":"Home","item":"https:\/\/corvey.de\/"},{"@type":"ListItem","position":2,"name":"VIA NOVA Lesung Nina Hoss &#038; Konzert"}]},{"@type":"WebSite","@id":"https:\/\/corvey.de\/#website","url":"https:\/\/corvey.de\/","name":"Schloss Corvey","description":"","publisher":{"@id":"https:\/\/corvey.de\/#organization"},"potentialAction":[{"@type":"SearchAction","target":{"@type":"EntryPoint","urlTemplate":"https:\/\/corvey.de\/?s={search_term_string}"},"query-input":{"@type":"PropertyValueSpecification","valueRequired":true,"valueName":"search_term_string"}}],"inLanguage":"en-US"},{"@type":"Organization","@id":"https:\/\/corvey.de\/#organization","name":"Schloss Corvey","url":"https:\/\/corvey.de\/","logo":{"@type":"ImageObject","inLanguage":"en-US","@id":"https:\/\/corvey.de\/#\/schema\/logo\/image\/","url":"https:\/\/corvey.de\/wp-content\/uploads\/2020\/10\/logo-schloss-corvey.svg","contentUrl":"https:\/\/corvey.de\/wp-content\/uploads\/2020\/10\/logo-schloss-corvey.svg","width":1,"height":1,"caption":"Schloss Corvey"},"image":{"@id":"https:\/\/corvey.de\/#\/schema\/logo\/image\/"}}]}},"_links":{"self":[{"href":"https:\/\/corvey.de\/en\/wp-json\/wp\/v2\/pages\/3183","targetHints":{"allow":["GET"]}}],"collection":[{"href":"https:\/\/corvey.de\/en\/wp-json\/wp\/v2\/pages"}],"about":[{"href":"https:\/\/corvey.de\/en\/wp-json\/wp\/v2\/types\/page"}],"author":[{"embeddable":true,"href":"https:\/\/corvey.de\/en\/wp-json\/wp\/v2\/users\/3"}],"replies":[{"embeddable":true,"href":"https:\/\/corvey.de\/en\/wp-json\/wp\/v2\/comments?post=3183"}],"version-history":[{"count":2,"href":"https:\/\/corvey.de\/en\/wp-json\/wp\/v2\/pages\/3183\/revisions"}],"predecessor-version":[{"id":3246,"href":"https:\/\/corvey.de\/en\/wp-json\/wp\/v2\/pages\/3183\/revisions\/3246"}],"wp:featuredmedia":[{"embeddable":true,"href":"https:\/\/corvey.de\/en\/wp-json\/wp\/v2\/media\/3102"}],"wp:attachment":[{"href":"https:\/\/corvey.de\/en\/wp-json\/wp\/v2\/media?parent=3183"}],"curies":[{"name":"wp","href":"https:\/\/api.w.org\/{rel}","templated":true}]}}

<p><strong><span class="format rot">Samstag, 6, September 2025, 19.30 Uhr, Schloß Corvey, Kaisersaal</span></strong></p>
<p><span class="format rot"><strong>Lesung und Konzert</strong></span></p>
<p><strong>Nina Hoss</strong><br />
Vladimir Nabokov Die Gabe</p>
<p><strong>Anja Lechner, Cello</strong><br />
Bach, Hume, Abel</p>
<p>Johann Sebastian Bach (1685 – 1750)<br />
Suite für Violoncello solo Nr. 2 in d-Moll, BWV 1008<br />
Prélude, Allemande, Courante, Sarabande, Menuet I/II, Gigue</p>
<p>Anja Lechner, Tanz in G</p>
<p>Tobias Hume (c. 1579 – 1645)<br />
A Question, An Answer, A Pollish Ayre,<br />
She Loves It Well, Hit It In The Middle</p>
<p>Carl Friedrich Abel (1723 – 1750)<br />
Arpeggio in d-Moll</p>
<p>Mit Pause</p>
<p>‹Die Gabe› erzählt die Geschichte des jungen Russen und Dichters Fjodor in Berlin zwischen 1925 und 1928. Wie der Autor selbst kommt er ins Exil, durch die Oktoberrevolution vertrieben und verarmt, als ein Kosmopolit. Jener ‹Schauer der Dankbarkeit, wem immer sie gebührt›, den er als ekstatisches Gefühl bei der Schmetterlingsjagd beschrieben hat, durchzieht Nabokovs Werk, in dem das Glück der Kindheit, die Sehnsucht nach der verlorenen Heimat, die Figur des geliebten Vaters und das bewältigte Exil verzaubert aufgehoben sind. Die großartige, international gefeierte Schauspielerin Nina Hoss liest von dem Zauber, von dem ‹unser Leben erfüllt war, der anderen Familien unbekannt war›. Solch ein Zauber prägt auch den verschlungenen, mit vielen Hindernissen verbundenen Weg der Liebe zwischen Fjodor und Sina. Während er am Brandenburger Tor auf sie wartet, bekennt er ‹Da auf einmal wurde ich der Zärtlichkeit der Welt gewahr, der tiefen Güte all dessen, was mich umgab, der wohltuenden Verbindung zwischen mir und allem Seienden [ … ]. Ich begriff, daß die Welt durchaus kein Kampf ist, keine Abfolge blutrünstiger Zufälle, sondern aufflackernde Freude, erregende Gnade, ein Geschenk, das wir nicht zu schätzen wissen.› Die wunderbare Cellistin Anja Lechner ergänzt die Lesung kongenial mit ihrem Konzert, da werden die Bilder des Textes zu kunstvollen Klängen gestaltet.</p>
<p><strong>Eintritt: 40 / 35 / 30 €, Tageskarte 75 / 70 €</strong></p>
<p><span style="color: #0000ff;"><strong><u><a style="color: #0000ff;" href="https://docs.google.com/forms/d/e/1FAIpQLScANBAlkPcmYL8hsSsCDCTbwFh2_kOjm8_ljmWKYbeOR02f1g/viewform">[Kartenbestellungen online]</a></u></strong></span></p>
<p><span style="color: #0000ff;"><strong>Per E-Mail:</strong><strong> [<u><a style="color: #0000ff;" href="mailto:vianova@corvey.de">vianova@corvey.de]</a></u></strong></span></p>
<p><span style="color: #0000ff;"><strong><u><a style="color: #0000ff;" href="tel:00495231570150">Telefonservice: [05231 570150]</a></u></strong></span></p>
<p>&nbsp;</p>

<p>Samstag, 6, September 2025, 19.30 Uhr, Schloß Corvey, Kaisersaal Lesung und Konzert Nina Hoss Vladimir Nabokov Die Gabe Anja Lechner, Cello Bach, Hume, Abel Johann Sebastian Bach (1685 – 1750) Suite für Violoncello solo Nr. 2 in d-Moll, BWV 1008 Prélude, Allemande, Courante, Sarabande, Menuet I/II, Gigue Anja Lechner, Tanz in G Tobias Hume (c. 1579 [&hellip;]</p>

<!-- This site is optimized with the Yoast SEO plugin v24.0 - https://yoast.com/wordpress/plugins/seo/ -->
<title>VIA NOVA Lesung Nina Hoss &amp; Konzert &#8226; Welterbe Corvey</title>
<meta name="robots" content="index, follow, max-snippet:-1, max-image-preview:large, max-video-preview:-1" />
<link rel="canonical" href="https://corvey.de/en/via-nova-lesung-nina-hoss-konzert/" />
<meta property="og:locale" content="en_US" />
<meta property="og:locale:alternate" content="de_DE" />
<meta property="og:type" content="article" />
<meta property="og:title" content="VIA NOVA Lesung Nina Hoss &amp; Konzert" />
<meta property="og:description" content="Samstag, 6, September 2025, 19.30 Uhr, Schloß Corvey, Kaisersaal Lesung und Konzert Nina Hoss Vladimir Nabokov Die Gabe Anja Lechner, Cello Bach, Hume, Abel Johann Sebastian Bach (1685 – 1750) Suite für Violoncello solo Nr. 2 in d-Moll, BWV 1008 Prélude, Allemande, Courante, Sarabande, Menuet I/II, Gigue Anja Lechner, Tanz in G Tobias Hume (c. 1579 [&hellip;]" />
<meta property="og:url" content="https://corvey.de/en/via-nova-lesung-nina-hoss-konzert/" />
<meta property="og:site_name" content="Welterbe Corvey" />
<meta property="article:modified_time" content="2025-05-30T09:08:00+00:00" />
<meta property="og:image" content="https://corvey.de/wp-content/uploads/2025/05/1_Web-Titel-1024x724.png" />
	<meta property="og:image:width" content="1024" />
	<meta property="og:image:height" content="724" />
	<meta property="og:image:type" content="image/png" />
<meta name="twitter:card" content="summary_large_image" />
<meta name="twitter:label1" content="Est. reading time" />
	<meta name="twitter:data1" content="2 minutes" />
<script type="application/ld+json" class="yoast-schema-graph">{"@context":"https://schema.org","@graph":[{"@type":"WebPage","@id":"https://corvey.de/via-nova-lesung-nina-hoss-konzert/","url":"https://corvey.de/via-nova-lesung-nina-hoss-konzert/","name":"VIA NOVA Lesung Nina Hoss & Konzert","isPartOf":{"@id":"https://corvey.de/#website"},"primaryImageOfPage":{"@id":"https://corvey.de/via-nova-lesung-nina-hoss-konzert/#primaryimage"},"image":{"@id":"https://corvey.de/via-nova-lesung-nina-hoss-konzert/#primaryimage"},"thumbnailUrl":"https://corvey.de/wp-content/uploads/2025/05/1_Web-Titel.png","datePublished":"2025-05-29T14:07:40+00:00","dateModified":"2025-05-30T09:08:00+00:00","breadcrumb":{"@id":"https://corvey.de/via-nova-lesung-nina-hoss-konzert/#breadcrumb"},"inLanguage":"en-US","potentialAction":[{"@type":"ReadAction","target":["https://corvey.de/via-nova-lesung-nina-hoss-konzert/"]}]},{"@type":"ImageObject","inLanguage":"en-US","@id":"https://corvey.de/via-nova-lesung-nina-hoss-konzert/#primaryimage","url":"https://corvey.de/wp-content/uploads/2025/05/1_Web-Titel.png","contentUrl":"https://corvey.de/wp-content/uploads/2025/05/1_Web-Titel.png","width":3507,"height":2480},{"@type":"BreadcrumbList","@id":"https://corvey.de/via-nova-lesung-nina-hoss-konzert/#breadcrumb","itemListElement":[{"@type":"ListItem","position":1,"name":"Home","item":"https://corvey.de/"},{"@type":"ListItem","position":2,"name":"VIA NOVA Lesung Nina Hoss &#038; Konzert"}]},{"@type":"WebSite","@id":"https://corvey.de/#website","url":"https://corvey.de/","name":"Schloss Corvey","description":"","publisher":{"@id":"https://corvey.de/#organization"},"potentialAction":[{"@type":"SearchAction","target":{"@type":"EntryPoint","urlTemplate":"https://corvey.de/?s={search_term_string}"},"query-input":{"@type":"PropertyValueSpecification","valueRequired":true,"valueName":"search_term_string"}}],"inLanguage":"en-US"},{"@type":"Organization","@id":"https://corvey.de/#organization","name":"Schloss Corvey","url":"https://corvey.de/","logo":{"@type":"ImageObject","inLanguage":"en-US","@id":"https://corvey.de/#/schema/logo/image/","url":"https://corvey.de/wp-content/uploads/2020/10/logo-schloss-corvey.svg","contentUrl":"https://corvey.de/wp-content/uploads/2020/10/logo-schloss-corvey.svg","width":1,"height":1,"caption":"Schloss Corvey"},"image":{"@id":"https://corvey.de/#/schema/logo/image/"}}]}</script>
<!-- / Yoast SEO plugin. -->

Samstag, 6, September 2025, 19.30 Uhr, Schloß Corvey, Kaisersaal Lesung und Konzert Nina Hoss Vladimir Nabokov Die Gabe Anja Lechner, Cello Bach, Hume, Abel Johann Sebastian Bach (1685 – 1750) Suite für Violoncello solo Nr. 2 in d-Moll, BWV 1008 Prélude, Allemande, Courante, Sarabande, Menuet I/II, Gigue Anja Lechner, Tanz in G Tobias Hume (c. 1579 [&hellip;]
