{"id":514,"date":"2020-10-07T17:01:07","date_gmt":"2020-10-07T15:01:07","guid":{"rendered":"https:\/\/corvey.de\/?page_id=514"},"modified":"2020-10-08T10:26:04","modified_gmt":"2020-10-08T08:26:04","slug":"seminarraum-kabinett","status":"publish","type":"page","link":"https:\/\/corvey.de\/en\/feiern-und-tagen\/tagungsraeume\/seminarraum-kabinett\/","title":{"rendered":"Seminarraum Kabinett"},"content":{"rendered":"<p>Das Kabinett liegt zwischen dem Refektorium und der Galerie im ersten Obergeschoss. Als Erg\u00e4nzung dieser beiden R\u00e4ume l\u00e4sst sich das Kabinett auch ideal als Raum f\u00fcr das Catering zuschalten.<\/p>\n<h3><span class=\"format rot\">Bestuhlungsformen<\/span><\/h3>\n<ul>\n<li>U-Form<\/li>\n<li>Block<\/li>\n<li>Stuhlkreis<\/li>\n<li>Stuhlreihen<\/li>\n<\/ul>\n<p><span class=\"format rot\"><b>Daten und Fakten<\/b><\/span><\/p>\n<ul>\n<li>Tageslicht<\/li>\n<li>beheizbar<\/li>\n<li>stimmungsvolles Ambiente<\/li>\n<li>geeignet f\u00fcr kleinere Seminargruppen\/als Gruppenraum<\/li>\n<li>Gr\u00f6\u00dfe 60 m\u00b2 mit direktem Zugang zum Barocksaal\/Galerie<\/li>\n<\/ul>\n","protected":false},"excerpt":{"rendered":"<p>Das Kabinett liegt zwischen dem Refektorium und der Galerie im ersten Obergeschoss. Als Erg\u00e4nzung dieser beiden R\u00e4ume l\u00e4sst sich das Kabinett auch ideal als Raum f\u00fcr das Catering zuschalten. Bestuhlungsformen U-Form Block Stuhlkreis Stuhlreihen Daten und Fakten Tageslicht beheizbar stimmungsvolles Ambiente geeignet f\u00fcr kleinere Seminargruppen\/als Gruppenraum Gr\u00f6\u00dfe 60 m\u00b2 mit direktem Zugang zum Barocksaal\/Galerie<\/p>\n","protected":false},"author":1,"featured_media":516,"parent":356,"menu_order":0,"comment_status":"closed","ping_status":"closed","template":"","meta":{"_acf_changed":false,"footnotes":""},"class_list":["post-514","page","type-page","status-publish","has-post-thumbnail","hentry"],"acf":[],"yoast_head":"<!-- This site is optimized with the Yoast SEO plugin v24.0 - https:\/\/yoast.com\/wordpress\/plugins\/seo\/ -->\n<title>Seminarraum Kabinett &#8226; Welterbe Corvey<\/title>\n<meta name=\"robots\" content=\"index, follow, max-snippet:-1, max-image-preview:large, max-video-preview:-1\" \/>\n<link rel=\"canonical\" href=\"https:\/\/corvey.de\/en\/feiern-und-tagen\/tagungsraeume\/seminarraum-kabinett\/\" \/>\n<meta property=\"og:locale\" content=\"en_US\" \/>\n<meta property=\"og:locale:alternate\" content=\"de_DE\" \/>\n<meta property=\"og:type\" content=\"article\" \/>\n<meta property=\"og:title\" content=\"Seminarraum Kabinett\" \/>\n<meta property=\"og:description\" content=\"Das Kabinett liegt zwischen dem Refektorium und der Galerie im ersten Obergeschoss. Als Erg\u00e4nzung dieser beiden R\u00e4ume l\u00e4sst sich das Kabinett auch ideal als Raum f\u00fcr das Catering zuschalten. Bestuhlungsformen U-Form Block Stuhlkreis Stuhlreihen Daten und Fakten Tageslicht beheizbar stimmungsvolles Ambiente geeignet f\u00fcr kleinere Seminargruppen\/als Gruppenraum Gr\u00f6\u00dfe 60 m\u00b2 mit direktem Zugang zum Barocksaal\/Galerie\" \/>\n<meta property=\"og:url\" content=\"https:\/\/corvey.de\/en\/feiern-und-tagen\/tagungsraeume\/seminarraum-kabinett\/\" \/>\n<meta property=\"og:site_name\" content=\"Welterbe Corvey\" \/>\n<meta property=\"article:modified_time\" content=\"2020-10-08T08:26:04+00:00\" \/>\n<meta property=\"og:image\" content=\"https:\/\/corvey.de\/wp-content\/uploads\/2020\/10\/image-15.jpeg\" \/>\n\t<meta property=\"og:image:width\" content=\"270\" \/>\n\t<meta property=\"og:image:height\" content=\"203\" \/>\n\t<meta property=\"og:image:type\" content=\"image\/jpeg\" \/>\n<meta name=\"twitter:card\" content=\"summary_large_image\" \/>\n<script type=\"application\/ld+json\" class=\"yoast-schema-graph\">{\"@context\":\"https:\/\/schema.org\",\"@graph\":[{\"@type\":\"WebPage\",\"@id\":\"https:\/\/corvey.de\/feiern-und-tagen\/tagungsraeume\/seminarraum-kabinett\/\",\"url\":\"https:\/\/corvey.de\/feiern-und-tagen\/tagungsraeume\/seminarraum-kabinett\/\",\"name\":\"Seminarraum Kabinett\",\"isPartOf\":{\"@id\":\"https:\/\/corvey.de\/#website\"},\"primaryImageOfPage\":{\"@id\":\"https:\/\/corvey.de\/feiern-und-tagen\/tagungsraeume\/seminarraum-kabinett\/#primaryimage\"},\"image\":{\"@id\":\"https:\/\/corvey.de\/feiern-und-tagen\/tagungsraeume\/seminarraum-kabinett\/#primaryimage\"},\"thumbnailUrl\":\"https:\/\/corvey.de\/wp-content\/uploads\/2020\/10\/image-15.jpeg\",\"datePublished\":\"2020-10-07T15:01:07+00:00\",\"dateModified\":\"2020-10-08T08:26:04+00:00\",\"breadcrumb\":{\"@id\":\"https:\/\/corvey.de\/feiern-und-tagen\/tagungsraeume\/seminarraum-kabinett\/#breadcrumb\"},\"inLanguage\":\"en-US\",\"potentialAction\":[{\"@type\":\"ReadAction\",\"target\":[\"https:\/\/corvey.de\/feiern-und-tagen\/tagungsraeume\/seminarraum-kabinett\/\"]}]},{\"@type\":\"ImageObject\",\"inLanguage\":\"en-US\",\"@id\":\"https:\/\/corvey.de\/feiern-und-tagen\/tagungsraeume\/seminarraum-kabinett\/#primaryimage\",\"url\":\"https:\/\/corvey.de\/wp-content\/uploads\/2020\/10\/image-15.jpeg\",\"contentUrl\":\"https:\/\/corvey.de\/wp-content\/uploads\/2020\/10\/image-15.jpeg\",\"width\":270,\"height\":203},{\"@type\":\"BreadcrumbList\",\"@id\":\"https:\/\/corvey.de\/feiern-und-tagen\/tagungsraeume\/seminarraum-kabinett\/#breadcrumb\",\"itemListElement\":[{\"@type\":\"ListItem\",\"position\":1,\"name\":\"Home\",\"item\":\"https:\/\/corvey.de\/\"},{\"@type\":\"ListItem\",\"position\":2,\"name\":\"Feiern &#038; Tagen\",\"item\":\"https:\/\/corvey.de\/feiern-und-tagen\/\"},{\"@type\":\"ListItem\",\"position\":3,\"name\":\"Tagungsr\u00e4ume\",\"item\":\"https:\/\/corvey.de\/feiern-und-tagen\/tagungsraeume\/\"},{\"@type\":\"ListItem\",\"position\":4,\"name\":\"Seminarraum Kabinett\"}]},{\"@type\":\"WebSite\",\"@id\":\"https:\/\/corvey.de\/#website\",\"url\":\"https:\/\/corvey.de\/\",\"name\":\"Schloss Corvey\",\"description\":\"\",\"publisher\":{\"@id\":\"https:\/\/corvey.de\/#organization\"},\"potentialAction\":[{\"@type\":\"SearchAction\",\"target\":{\"@type\":\"EntryPoint\",\"urlTemplate\":\"https:\/\/corvey.de\/?s={search_term_string}\"},\"query-input\":{\"@type\":\"PropertyValueSpecification\",\"valueRequired\":true,\"valueName\":\"search_term_string\"}}],\"inLanguage\":\"en-US\"},{\"@type\":\"Organization\",\"@id\":\"https:\/\/corvey.de\/#organization\",\"name\":\"Schloss Corvey\",\"url\":\"https:\/\/corvey.de\/\",\"logo\":{\"@type\":\"ImageObject\",\"inLanguage\":\"en-US\",\"@id\":\"https:\/\/corvey.de\/#\/schema\/logo\/image\/\",\"url\":\"https:\/\/corvey.de\/wp-content\/uploads\/2020\/10\/logo-schloss-corvey.svg\",\"contentUrl\":\"https:\/\/corvey.de\/wp-content\/uploads\/2020\/10\/logo-schloss-corvey.svg\",\"width\":1,\"height\":1,\"caption\":\"Schloss Corvey\"},\"image\":{\"@id\":\"https:\/\/corvey.de\/#\/schema\/logo\/image\/\"}}]}<\/script>\n<!-- \/ Yoast SEO plugin. -->","yoast_head_json":{"title":"Seminarraum Kabinett &#8226; Welterbe Corvey","robots":{"index":"index","follow":"follow","max-snippet":"max-snippet:-1","max-image-preview":"max-image-preview:large","max-video-preview":"max-video-preview:-1"},"canonical":"https:\/\/corvey.de\/en\/feiern-und-tagen\/tagungsraeume\/seminarraum-kabinett\/","og_locale":"en_US","og_type":"article","og_title":"[:de]Seminarraum Kabinett[:] &#8226; Welterbe Corvey","og_description":"Das Kabinett liegt zwischen dem Refektorium und der Galerie im ersten Obergeschoss. Als Erg\u00e4nzung dieser beiden R\u00e4ume l\u00e4sst sich das Kabinett auch ideal als Raum f\u00fcr das Catering zuschalten. Bestuhlungsformen U-Form Block Stuhlkreis Stuhlreihen Daten und Fakten Tageslicht beheizbar stimmungsvolles Ambiente geeignet f\u00fcr kleinere Seminargruppen\/als Gruppenraum Gr\u00f6\u00dfe 60 m\u00b2 mit direktem Zugang zum Barocksaal\/Galerie","og_url":"https:\/\/corvey.de\/en\/feiern-und-tagen\/tagungsraeume\/seminarraum-kabinett\/","og_site_name":"Welterbe Corvey","article_modified_time":"2020-10-08T08:26:04+00:00","og_image":[{"width":270,"height":203,"url":"https:\/\/corvey.de\/wp-content\/uploads\/2020\/10\/image-15.jpeg","type":"image\/jpeg"}],"twitter_card":"summary_large_image","schema":{"@context":"https:\/\/schema.org","@graph":[{"@type":"WebPage","@id":"https:\/\/corvey.de\/feiern-und-tagen\/tagungsraeume\/seminarraum-kabinett\/","url":"https:\/\/corvey.de\/feiern-und-tagen\/tagungsraeume\/seminarraum-kabinett\/","name":"Seminarraum Kabinett","isPartOf":{"@id":"https:\/\/corvey.de\/#website"},"primaryImageOfPage":{"@id":"https:\/\/corvey.de\/feiern-und-tagen\/tagungsraeume\/seminarraum-kabinett\/#primaryimage"},"image":{"@id":"https:\/\/corvey.de\/feiern-und-tagen\/tagungsraeume\/seminarraum-kabinett\/#primaryimage"},"thumbnailUrl":"https:\/\/corvey.de\/wp-content\/uploads\/2020\/10\/image-15.jpeg","datePublished":"2020-10-07T15:01:07+00:00","dateModified":"2020-10-08T08:26:04+00:00","breadcrumb":{"@id":"https:\/\/corvey.de\/feiern-und-tagen\/tagungsraeume\/seminarraum-kabinett\/#breadcrumb"},"inLanguage":"en-US","potentialAction":[{"@type":"ReadAction","target":["https:\/\/corvey.de\/feiern-und-tagen\/tagungsraeume\/seminarraum-kabinett\/"]}]},{"@type":"ImageObject","inLanguage":"en-US","@id":"https:\/\/corvey.de\/feiern-und-tagen\/tagungsraeume\/seminarraum-kabinett\/#primaryimage","url":"https:\/\/corvey.de\/wp-content\/uploads\/2020\/10\/image-15.jpeg","contentUrl":"https:\/\/corvey.de\/wp-content\/uploads\/2020\/10\/image-15.jpeg","width":270,"height":203},{"@type":"BreadcrumbList","@id":"https:\/\/corvey.de\/feiern-und-tagen\/tagungsraeume\/seminarraum-kabinett\/#breadcrumb","itemListElement":[{"@type":"ListItem","position":1,"name":"Home","item":"https:\/\/corvey.de\/"},{"@type":"ListItem","position":2,"name":"Feiern &#038; Tagen","item":"https:\/\/corvey.de\/feiern-und-tagen\/"},{"@type":"ListItem","position":3,"name":"Tagungsr\u00e4ume","item":"https:\/\/corvey.de\/feiern-und-tagen\/tagungsraeume\/"},{"@type":"ListItem","position":4,"name":"Seminarraum Kabinett"}]},{"@type":"WebSite","@id":"https:\/\/corvey.de\/#website","url":"https:\/\/corvey.de\/","name":"Schloss Corvey","description":"","publisher":{"@id":"https:\/\/corvey.de\/#organization"},"potentialAction":[{"@type":"SearchAction","target":{"@type":"EntryPoint","urlTemplate":"https:\/\/corvey.de\/?s={search_term_string}"},"query-input":{"@type":"PropertyValueSpecification","valueRequired":true,"valueName":"search_term_string"}}],"inLanguage":"en-US"},{"@type":"Organization","@id":"https:\/\/corvey.de\/#organization","name":"Schloss Corvey","url":"https:\/\/corvey.de\/","logo":{"@type":"ImageObject","inLanguage":"en-US","@id":"https:\/\/corvey.de\/#\/schema\/logo\/image\/","url":"https:\/\/corvey.de\/wp-content\/uploads\/2020\/10\/logo-schloss-corvey.svg","contentUrl":"https:\/\/corvey.de\/wp-content\/uploads\/2020\/10\/logo-schloss-corvey.svg","width":1,"height":1,"caption":"Schloss Corvey"},"image":{"@id":"https:\/\/corvey.de\/#\/schema\/logo\/image\/"}}]}},"_links":{"self":[{"href":"https:\/\/corvey.de\/en\/wp-json\/wp\/v2\/pages\/514","targetHints":{"allow":["GET"]}}],"collection":[{"href":"https:\/\/corvey.de\/en\/wp-json\/wp\/v2\/pages"}],"about":[{"href":"https:\/\/corvey.de\/en\/wp-json\/wp\/v2\/types\/page"}],"author":[{"embeddable":true,"href":"https:\/\/corvey.de\/en\/wp-json\/wp\/v2\/users\/1"}],"replies":[{"embeddable":true,"href":"https:\/\/corvey.de\/en\/wp-json\/wp\/v2\/comments?post=514"}],"version-history":[{"count":1,"href":"https:\/\/corvey.de\/en\/wp-json\/wp\/v2\/pages\/514\/revisions"}],"predecessor-version":[{"id":515,"href":"https:\/\/corvey.de\/en\/wp-json\/wp\/v2\/pages\/514\/revisions\/515"}],"up":[{"embeddable":true,"href":"https:\/\/corvey.de\/en\/wp-json\/wp\/v2\/pages\/356"}],"wp:featuredmedia":[{"embeddable":true,"href":"https:\/\/corvey.de\/en\/wp-json\/wp\/v2\/media\/516"}],"wp:attachment":[{"href":"https:\/\/corvey.de\/en\/wp-json\/wp\/v2\/media?parent=514"}],"curies":[{"name":"wp","href":"https:\/\/api.w.org\/{rel}","templated":true}]}}

<p>Das Kabinett liegt zwischen dem Refektorium und der Galerie im ersten Obergeschoss. Als Ergänzung dieser beiden Räume lässt sich das Kabinett auch ideal als Raum für das Catering zuschalten.</p>
<h3><span class="format rot">Bestuhlungsformen</span></h3>
<ul>
<li>U-Form</li>
<li>Block</li>
<li>Stuhlkreis</li>
<li>Stuhlreihen</li>
</ul>
<p><span class="format rot"><b>Daten und Fakten</b></span></p>
<ul>
<li>Tageslicht</li>
<li>beheizbar</li>
<li>stimmungsvolles Ambiente</li>
<li>geeignet für kleinere Seminargruppen/als Gruppenraum</li>
<li>Größe 60 m² mit direktem Zugang zum Barocksaal/Galerie</li>
</ul>

<p>Das Kabinett liegt zwischen dem Refektorium und der Galerie im ersten Obergeschoss. Als Ergänzung dieser beiden Räume lässt sich das Kabinett auch ideal als Raum für das Catering zuschalten. Bestuhlungsformen U-Form Block Stuhlkreis Stuhlreihen Daten und Fakten Tageslicht beheizbar stimmungsvolles Ambiente geeignet für kleinere Seminargruppen/als Gruppenraum Größe 60 m² mit direktem Zugang zum Barocksaal/Galerie</p>

<!-- This site is optimized with the Yoast SEO plugin v24.0 - https://yoast.com/wordpress/plugins/seo/ -->
<title>Seminarraum Kabinett &#8226; Welterbe Corvey</title>
<meta name="robots" content="index, follow, max-snippet:-1, max-image-preview:large, max-video-preview:-1" />
<link rel="canonical" href="https://corvey.de/en/feiern-und-tagen/tagungsraeume/seminarraum-kabinett/" />
<meta property="og:locale" content="en_US" />
<meta property="og:locale:alternate" content="de_DE" />
<meta property="og:type" content="article" />
<meta property="og:title" content="Seminarraum Kabinett" />
<meta property="og:description" content="Das Kabinett liegt zwischen dem Refektorium und der Galerie im ersten Obergeschoss. Als Ergänzung dieser beiden Räume lässt sich das Kabinett auch ideal als Raum für das Catering zuschalten. Bestuhlungsformen U-Form Block Stuhlkreis Stuhlreihen Daten und Fakten Tageslicht beheizbar stimmungsvolles Ambiente geeignet für kleinere Seminargruppen/als Gruppenraum Größe 60 m² mit direktem Zugang zum Barocksaal/Galerie" />
<meta property="og:url" content="https://corvey.de/en/feiern-und-tagen/tagungsraeume/seminarraum-kabinett/" />
<meta property="og:site_name" content="Welterbe Corvey" />
<meta property="article:modified_time" content="2020-10-08T08:26:04+00:00" />
<meta property="og:image" content="https://corvey.de/wp-content/uploads/2020/10/image-15.jpeg" />
	<meta property="og:image:width" content="270" />
	<meta property="og:image:height" content="203" />
	<meta property="og:image:type" content="image/jpeg" />
<meta name="twitter:card" content="summary_large_image" />
<script type="application/ld+json" class="yoast-schema-graph">{"@context":"https://schema.org","@graph":[{"@type":"WebPage","@id":"https://corvey.de/feiern-und-tagen/tagungsraeume/seminarraum-kabinett/","url":"https://corvey.de/feiern-und-tagen/tagungsraeume/seminarraum-kabinett/","name":"Seminarraum Kabinett","isPartOf":{"@id":"https://corvey.de/#website"},"primaryImageOfPage":{"@id":"https://corvey.de/feiern-und-tagen/tagungsraeume/seminarraum-kabinett/#primaryimage"},"image":{"@id":"https://corvey.de/feiern-und-tagen/tagungsraeume/seminarraum-kabinett/#primaryimage"},"thumbnailUrl":"https://corvey.de/wp-content/uploads/2020/10/image-15.jpeg","datePublished":"2020-10-07T15:01:07+00:00","dateModified":"2020-10-08T08:26:04+00:00","breadcrumb":{"@id":"https://corvey.de/feiern-und-tagen/tagungsraeume/seminarraum-kabinett/#breadcrumb"},"inLanguage":"en-US","potentialAction":[{"@type":"ReadAction","target":["https://corvey.de/feiern-und-tagen/tagungsraeume/seminarraum-kabinett/"]}]},{"@type":"ImageObject","inLanguage":"en-US","@id":"https://corvey.de/feiern-und-tagen/tagungsraeume/seminarraum-kabinett/#primaryimage","url":"https://corvey.de/wp-content/uploads/2020/10/image-15.jpeg","contentUrl":"https://corvey.de/wp-content/uploads/2020/10/image-15.jpeg","width":270,"height":203},{"@type":"BreadcrumbList","@id":"https://corvey.de/feiern-und-tagen/tagungsraeume/seminarraum-kabinett/#breadcrumb","itemListElement":[{"@type":"ListItem","position":1,"name":"Home","item":"https://corvey.de/"},{"@type":"ListItem","position":2,"name":"Feiern &#038; Tagen","item":"https://corvey.de/feiern-und-tagen/"},{"@type":"ListItem","position":3,"name":"Tagungsräume","item":"https://corvey.de/feiern-und-tagen/tagungsraeume/"},{"@type":"ListItem","position":4,"name":"Seminarraum Kabinett"}]},{"@type":"WebSite","@id":"https://corvey.de/#website","url":"https://corvey.de/","name":"Schloss Corvey","description":"","publisher":{"@id":"https://corvey.de/#organization"},"potentialAction":[{"@type":"SearchAction","target":{"@type":"EntryPoint","urlTemplate":"https://corvey.de/?s={search_term_string}"},"query-input":{"@type":"PropertyValueSpecification","valueRequired":true,"valueName":"search_term_string"}}],"inLanguage":"en-US"},{"@type":"Organization","@id":"https://corvey.de/#organization","name":"Schloss Corvey","url":"https://corvey.de/","logo":{"@type":"ImageObject","inLanguage":"en-US","@id":"https://corvey.de/#/schema/logo/image/","url":"https://corvey.de/wp-content/uploads/2020/10/logo-schloss-corvey.svg","contentUrl":"https://corvey.de/wp-content/uploads/2020/10/logo-schloss-corvey.svg","width":1,"height":1,"caption":"Schloss Corvey"},"image":{"@id":"https://corvey.de/#/schema/logo/image/"}}]}</script>
<!-- / Yoast SEO plugin. -->

Das Kabinett liegt zwischen dem Refektorium und der Galerie im ersten Obergeschoss. Als Ergänzung dieser beiden Räume lässt sich das Kabinett auch ideal als Raum für das Catering zuschalten. Bestuhlungsformen U-Form Block Stuhlkreis Stuhlreihen Daten und Fakten Tageslicht beheizbar stimmungsvolles Ambiente geeignet für kleinere Seminargruppen/als Gruppenraum Größe 60 m² mit direktem Zugang zum Barocksaal/Galerie

Tagungsräume
